{"id":6073,"date":"2022-04-12T13:15:34","date_gmt":"2022-04-12T13:15:34","guid":{"rendered":"http:\/\/turkogluhazirbeton.com.tr\/?page_id=6073"},"modified":"2022-04-12T13:33:03","modified_gmt":"2022-04-12T13:33:03","slug":"kurumsal-hizmetlerimiz","status":"publish","type":"page","link":"http:\/\/turkogluhazirbeton.com.tr\/index.php\/kurumsal-hizmetlerimiz\/","title":{"rendered":"KURUMSAL H\u0130ZMETLER\u0130M\u0130Z"},"content":{"rendered":"\t\t<div data-elementor-type=\"wp-page\" data-elementor-id=\"6073\" class=\"elementor elementor-6073\">\n\t\t\t\t\t\t<section class=\"elementor-section elementor-top-section elementor-element elementor-element-6f98298 elementor-section-boxed elementor-section-height-default elementor-section-height-default\" data-id=\"6f98298\" data-element_type=\"section\" data-e-type=\"section\">\n\t\t\t\t\t\t<div class=\"elementor-container elementor-column-gap-default\">\n\t\t\t\t\t<div class=\"elementor-column elementor-col-100 elementor-top-column elementor-element elementor-element-40564a3\" data-id=\"40564a3\" data-element_type=\"column\" data-e-type=\"column\">\n\t\t\t<div class=\"elementor-widget-wrap elementor-element-populated\">\n\t\t\t\t\t\t<div class=\"elementor-element elementor-element-05fa3fc elementor-widget elementor-widget-creote-logo-v1\" data-id=\"05fa3fc\" data-element_type=\"widget\" data-e-type=\"widget\" data-widget_type=\"creote-logo-v1.default\">\n\t\t\t\t<div class=\"elementor-widget-container\">\n\t\t\t\t\t<div class=\"header_logo_box_solo\">\r\n   <a href=\"http:\/\/turkogluhazirbeton.com.tr\" class=\"logo navbar-brand\">\r\n   <img decoding=\"async\" src=\"http:\/\/turkogluhazirbeton.com.tr\/wp-content\/uploads\/2022\/04\/too.png\" alt=\"T&uuml;rko\u011flu Haz\u0131r Beton\" class=\"logo_default\">\r\n    \r\n   <\/a>\r\n<\/div>\r\n\t\t\t\t<\/div>\n\t\t\t\t<\/div>\n\t\t\t\t\t<\/div>\n\t\t<\/div>\n\t\t\t\t\t<\/div>\n\t\t<\/section>\n\t\t\t\t<section class=\"elementor-section elementor-top-section elementor-element elementor-element-4676ed3 elementor-section-boxed elementor-section-height-default elementor-section-height-default\" data-id=\"4676ed3\" data-element_type=\"section\" data-e-type=\"section\">\n\t\t\t\t\t\t<div class=\"elementor-container elementor-column-gap-default\">\n\t\t\t\t\t<div class=\"elementor-column elementor-col-100 elementor-top-column elementor-element elementor-element-4912c13\" data-id=\"4912c13\" data-element_type=\"column\" data-e-type=\"column\">\n\t\t\t<div class=\"elementor-widget-wrap\">\n\t\t\t\t\t\t\t<\/div>\n\t\t<\/div>\n\t\t\t\t\t<\/div>\n\t\t<\/section>\n\t\t\t\t<section class=\"elementor-section elementor-top-section elementor-element elementor-element-d8052c4 elementor-section-boxed elementor-section-height-default elementor-section-height-default\" data-id=\"d8052c4\" data-element_type=\"section\" data-e-type=\"section\">\n\t\t\t\t\t\t<div class=\"elementor-container elementor-column-gap-default\">\n\t\t\t\t\t<div class=\"elementor-column elementor-col-100 elementor-top-column elementor-element elementor-element-365460d\" data-id=\"365460d\" data-element_type=\"column\" data-e-type=\"column\">\n\t\t\t<div class=\"elementor-widget-wrap elementor-element-populated\">\n\t\t\t\t\t\t<div class=\"elementor-element elementor-element-be2f317 elementor-widget elementor-widget-creote-title-v1\" data-id=\"be2f317\" data-element_type=\"widget\" data-e-type=\"widget\" data-widget_type=\"creote-title-v1.default\">\n\t\t\t\t<div class=\"elementor-widget-container\">\n\t\t\t\t\t<div class=\"title_all_box style_one  dark_color\" >\r\n         <div class=\"title_sections center\">\r\n            <div class=\"before_title\">\r\n         \u00dcR\u00dcN \u00c7E\u015e\u0130TLER\u0130      <\/div>\r\n                     <\/div>\r\n               \r\n<\/div>\r\n\t\t\t\t<\/div>\n\t\t\t\t<\/div>\n\t\t\t\t\t<\/div>\n\t\t<\/div>\n\t\t\t\t\t<\/div>\n\t\t<\/section>\n\t\t\t\t<section class=\"elementor-section elementor-top-section elementor-element elementor-element-2607f49 elementor-section-boxed elementor-section-height-default elementor-section-height-default\" data-id=\"2607f49\" data-element_type=\"section\" data-e-type=\"section\">\n\t\t\t\t\t\t<div class=\"elementor-container elementor-column-gap-default\">\n\t\t\t\t\t<div class=\"elementor-column elementor-col-33 elementor-top-column elementor-element elementor-element-d1a942f\" data-id=\"d1a942f\" data-element_type=\"column\" data-e-type=\"column\">\n\t\t\t<div class=\"elementor-widget-wrap elementor-element-populated\">\n\t\t\t\t\t\t<div class=\"elementor-element elementor-element-3ef5b2e elementor-widget elementor-widget-creote-title-v1\" data-id=\"3ef5b2e\" data-element_type=\"widget\" data-e-type=\"widget\" data-widget_type=\"creote-title-v1.default\">\n\t\t\t\t<div class=\"elementor-widget-container\">\n\t\t\t\t\t<div class=\"title_all_box style_one  dark_color\" >\r\n         <div class=\"title_sections center\">\r\n                  <h2>  GAZ BETON<\/h2>\r\n               <\/div>\r\n               \r\n<\/div>\r\n\t\t\t\t<\/div>\n\t\t\t\t<\/div>\n\t\t\t\t\t<\/div>\n\t\t<\/div>\n\t\t\t\t<div class=\"elementor-column elementor-col-33 elementor-top-column elementor-element elementor-element-a1dfa8a\" data-id=\"a1dfa8a\" data-element_type=\"column\" data-e-type=\"column\">\n\t\t\t<div class=\"elementor-widget-wrap elementor-element-populated\">\n\t\t\t\t\t\t<div class=\"elementor-element elementor-element-516015f elementor-widget elementor-widget-creote-title-v1\" data-id=\"516015f\" data-element_type=\"widget\" data-e-type=\"widget\" data-widget_type=\"creote-title-v1.default\">\n\t\t\t\t<div class=\"elementor-widget-container\">\n\t\t\t\t\t<div class=\"title_all_box style_one  dark_color\" >\r\n         <div class=\"title_sections center\">\r\n                  <h2>  HAZIR BETON<\/h2>\r\n               <\/div>\r\n               \r\n<\/div>\r\n\t\t\t\t<\/div>\n\t\t\t\t<\/div>\n\t\t\t\t\t<\/div>\n\t\t<\/div>\n\t\t\t\t<div class=\"elementor-column elementor-col-33 elementor-top-column elementor-element elementor-element-8c8035f\" data-id=\"8c8035f\" data-element_type=\"column\" data-e-type=\"column\">\n\t\t\t<div class=\"elementor-widget-wrap elementor-element-populated\">\n\t\t\t\t\t\t<div class=\"elementor-element elementor-element-64a2369 elementor-widget elementor-widget-creote-title-v1\" data-id=\"64a2369\" data-element_type=\"widget\" data-e-type=\"widget\" data-widget_type=\"creote-title-v1.default\">\n\t\t\t\t<div class=\"elementor-widget-container\">\n\t\t\t\t\t<div class=\"title_all_box style_one  dark_color\" >\r\n         <div class=\"title_sections center\">\r\n                  <h2>  \u00c7\u0130MENTO<\/h2>\r\n               <\/div>\r\n               \r\n<\/div>\r\n\t\t\t\t<\/div>\n\t\t\t\t<\/div>\n\t\t\t\t\t<\/div>\n\t\t<\/div>\n\t\t\t\t\t<\/div>\n\t\t<\/section>\n\t\t\t\t<section class=\"elementor-section elementor-top-section elementor-element elementor-element-e7a3a44 elementor-section-boxed elementor-section-height-default elementor-section-height-default\" data-id=\"e7a3a44\" data-element_type=\"section\" data-e-type=\"section\">\n\t\t\t\t\t\t<div class=\"elementor-container elementor-column-gap-default\">\n\t\t\t\t\t<div class=\"elementor-column elementor-col-33 elementor-top-column elementor-element elementor-element-a8b0b29\" data-id=\"a8b0b29\" data-element_type=\"column\" data-e-type=\"column\">\n\t\t\t<div class=\"elementor-widget-wrap elementor-element-populated\">\n\t\t\t\t\t\t<div class=\"elementor-element elementor-element-27762ee elementor-widget elementor-widget-creote-simple-image-box-v1\" data-id=\"27762ee\" data-element_type=\"widget\" data-e-type=\"widget\" data-widget_type=\"creote-simple-image-box-v1.default\">\n\t\t\t\t<div class=\"elementor-widget-container\">\n\t\t\t\t\t<div class=\"simple_image_boxes  parallax_cover\"   data-aos=\"fade-up\" data-aos-delay=\"0\" >\r\n   <img decoding=\"async\" src=\"http:\/\/turkogluhazirbeton.com.tr\/wp-content\/uploads\/2022\/04\/gaz-1.jpg\" class=\"simp_img cover-parallax\" alt=\"image\" \/>\r\n<\/div>\r\n\t\t\t\t<\/div>\n\t\t\t\t<\/div>\n\t\t\t\t\t<\/div>\n\t\t<\/div>\n\t\t\t\t<div class=\"elementor-column elementor-col-33 elementor-top-column elementor-element elementor-element-649da05\" data-id=\"649da05\" data-element_type=\"column\" data-e-type=\"column\">\n\t\t\t<div class=\"elementor-widget-wrap elementor-element-populated\">\n\t\t\t\t\t\t<div class=\"elementor-element elementor-element-3e96273 elementor-widget elementor-widget-creote-simple-image-box-v1\" data-id=\"3e96273\" data-element_type=\"widget\" data-e-type=\"widget\" data-widget_type=\"creote-simple-image-box-v1.default\">\n\t\t\t\t<div class=\"elementor-widget-container\">\n\t\t\t\t\t<div class=\"simple_image_boxes  parallax_cover\"   data-aos=\"fade-up\" data-aos-delay=\"0\" >\r\n   <img decoding=\"async\" src=\"http:\/\/turkogluhazirbeton.com.tr\/wp-content\/uploads\/2022\/04\/hazirbeton.jpg\" class=\"simp_img cover-parallax\" alt=\"image\" \/>\r\n<\/div>\r\n\t\t\t\t<\/div>\n\t\t\t\t<\/div>\n\t\t\t\t\t<\/div>\n\t\t<\/div>\n\t\t\t\t<div class=\"elementor-column elementor-col-33 elementor-top-column elementor-element elementor-element-4287e91\" data-id=\"4287e91\" data-element_type=\"column\" data-e-type=\"column\">\n\t\t\t<div class=\"elementor-widget-wrap elementor-element-populated\">\n\t\t\t\t\t\t<div class=\"elementor-element elementor-element-80ad1e4 elementor-widget elementor-widget-creote-simple-image-box-v1\" data-id=\"80ad1e4\" data-element_type=\"widget\" data-e-type=\"widget\" data-widget_type=\"creote-simple-image-box-v1.default\">\n\t\t\t\t<div class=\"elementor-widget-container\">\n\t\t\t\t\t<div class=\"simple_image_boxes  parallax_cover\"   data-aos=\"fade-up\" data-aos-delay=\"0\" >\r\n   <img decoding=\"async\" src=\"http:\/\/turkogluhazirbeton.com.tr\/wp-content\/uploads\/2022\/04\/cimento.jpg\" class=\"simp_img cover-parallax\" alt=\"image\" \/>\r\n<\/div>\r\n\t\t\t\t<\/div>\n\t\t\t\t<\/div>\n\t\t\t\t\t<\/div>\n\t\t<\/div>\n\t\t\t\t\t<\/div>\n\t\t<\/section>\n\t\t\t\t<section class=\"elementor-section elementor-top-section elementor-element elementor-element-c6a9e52 elementor-section-boxed elementor-section-height-default elementor-section-height-default\" data-id=\"c6a9e52\" data-element_type=\"section\" data-e-type=\"section\">\n\t\t\t\t\t\t<div class=\"elementor-container elementor-column-gap-default\">\n\t\t\t\t\t<div class=\"elementor-column elementor-col-33 elementor-top-column elementor-element elementor-element-56567fd\" data-id=\"56567fd\" data-element_type=\"column\" data-e-type=\"column\">\n\t\t\t<div class=\"elementor-widget-wrap elementor-element-populated\">\n\t\t\t\t\t\t<div class=\"elementor-element elementor-element-a9edba4 elementor-widget elementor-widget-creote-description-v1\" data-id=\"a9edba4\" data-element_type=\"widget\" data-e-type=\"widget\" data-widget_type=\"creote-description-v1.default\">\n\t\t\t\t<div class=\"elementor-widget-container\">\n\t\t\t\t\t<div class=\"description_box\" >\r\n    <p>Gaz beton ince \u00f6\u011f\u00fct\u00fclm\u00fc\u015f silisli bir agrega ve inorganik bir ba\u011flay\u0131c\u0131 madde (kire\u00e7 ve\/veya \u00e7imento) ile haz\u0131rlanan kar\u0131\u015f\u0131m\u0131n, g\u00f6zenek olu\u015fturucu bir madde il\u00e2vesi ile hafifletilmesi ve buhar k\u00fcr\u00fc ile sertle\u015ftirilmesiyle elde edilen g\u00f6zenekli hafif bir beton olarak kar\u015f\u0131m\u0131za \u00e7\u0131kmaktad\u0131r. Piyasada bir markan\u0131n ad\u0131 olmakla birlikte bu malzemeye Ytong da denilmektedir.\n\nGazbetonun temel \u00f6zelli\u011fi g\u00f6zenekli yap\u0131s\u0131d\u0131r. Hacminin yakla\u015f\u0131k %70-80\u2019ini olu\u015fturan bu g\u00f6zenekli yap\u0131 gazbetonun hafifli\u011fini sa\u011flamakla birlikte g\u00f6zeneklerde bulunan ve \u0131s\u0131 iletim katsay\u0131s\u0131 \u00e7ok d\u00fc\u015f\u00fck olan hava yard\u0131m\u0131yla da iyi bir yal\u0131t\u0131m \u00f6zelli\u011fi sa\u011flamaktad\u0131r. Hafif olmas\u0131 yap\u0131da olu\u015fan deprem y\u00fcklerini azaltmas\u0131 a\u00e7\u0131s\u0131ndan olduk\u00e7a \u00f6nemli bir yap\u0131 eleman\u0131d\u0131r. Gazbeton, yap\u0131larda ta\u015f\u0131y\u0131c\u0131 ve ta\u015f\u0131y\u0131c\u0131 olmayan yap\u0131 eleman\u0131 olarak farkl\u0131 noktalarda, kullan\u0131m alan\u0131na uygun olarak geli\u015ftirilmi\u015f \u00fcr\u00fcn \u00e7e\u015fitleriyle yer almaktad\u0131r.Gazbeton hammadde olarak kuvarsit, \u00e7imento ve kire\u00e7ten olu\u015fmaktad\u0131r. \u0130nce toz k\u0131vam\u0131nda haz\u0131rlanan bu hammaddelere su ve g\u00f6zenek olu\u015fturucu al\u00fcminyum ilave edilerek gazbeton harc\u0131 haz\u0131rlan\u0131r. <\/p>\r\n  <\/div>\r\n\t\t\t\t<\/div>\n\t\t\t\t<\/div>\n\t\t\t\t\t<\/div>\n\t\t<\/div>\n\t\t\t\t<div class=\"elementor-column elementor-col-33 elementor-top-column elementor-element elementor-element-376c714\" data-id=\"376c714\" data-element_type=\"column\" data-e-type=\"column\">\n\t\t\t<div class=\"elementor-widget-wrap elementor-element-populated\">\n\t\t\t\t\t\t<div class=\"elementor-element elementor-element-11afb58 elementor-widget elementor-widget-creote-description-v1\" data-id=\"11afb58\" data-element_type=\"widget\" data-e-type=\"widget\" data-widget_type=\"creote-description-v1.default\">\n\t\t\t\t<div class=\"elementor-widget-container\">\n\t\t\t\t\t<div class=\"description_box\" >\r\n    <p>Bilgisayar kontrol\u00fcyle istenilen oranlarda bir araya getirilen malzemelerin, beton santral\u0131nda veya mikserde kar\u0131\u015ft\u0131r\u0131lmas\u0131yla \u00fcretilen ve t\u00fcketiciye \"taze beton\" olarak teslim edilen betona \"Haz\u0131r Beton\" denir.\n\nHaz\u0131r betonu, \u015fantiyede elle ya da betoniyerle kar\u0131\u015ft\u0131r\u0131larak haz\u0131rlanan betondan ay\u0131ran temel unsur, haz\u0131r betonun modern tesislerde, bilgisayar kontrol\u00fcyle \u00fcretilmesidir. Haz\u0131r beton kullan\u0131c\u0131s\u0131n\u0131n haz\u0131r betonda arayaca\u011f\u0131 nitelikler TS EN 206'da yer almaktad\u0131r.\n\nHaz\u0131r beton \u00fcretiminin su \u00f6l\u00e7me ve kar\u0131\u015ft\u0131rma i\u015flemlerinin santralda veya transmikserde yap\u0131lmas\u0131na g\u00f6re iki farkl\u0131 \u015fekli bulunmaktad\u0131r :\n\nKuru Sistem\nYa\u015f Sistem\nKuru kar\u0131\u015f\u0131ml\u0131 haz\u0131r beton, agrega ve \u00e7imentosu beton santralinde \u00f6l\u00e7\u00fcl\u00fcp santralde veya transmikserde kar\u0131\u015ft\u0131r\u0131lan, suyu ve varsa kimyasal katk\u0131s\u0131 ise teslim yerinde \u00f6l\u00e7\u00fcl\u00fcp kar\u0131\u015ft\u0131r\u0131larak ilave edilen haz\u0131r betondur. Kuru kar\u0131\u015f\u0131ml\u0131 haz\u0131r betonda \u015fantiyede kar\u0131\u015f\u0131ma verilen su miktar\u0131na (form\u00fclde \u00f6ng\u00f6r\u00fclenden daha fazla olmamas\u0131na) ve kar\u0131\u015ft\u0131rma s\u00fcresine (homojen bir kar\u0131\u015f\u0131m i\u00e7in yeterli s\u00fcre) \u00f6zel itina g\u00f6sterilmesi gerekmektedir.\n\nYa\u015f kar\u0131\u015f\u0131ml\u0131 haz\u0131r beton, su dahil t\u00fcm bile\u015fenleri beton santralinde \u00f6l\u00e7\u00fclen ve kar\u0131\u015ft\u0131r\u0131lan haz\u0131r betondur.<\/p>\r\n  <\/div>\r\n\t\t\t\t<\/div>\n\t\t\t\t<\/div>\n\t\t\t\t\t<\/div>\n\t\t<\/div>\n\t\t\t\t<div class=\"elementor-column elementor-col-33 elementor-top-column elementor-element elementor-element-81012dc\" data-id=\"81012dc\" data-element_type=\"column\" data-e-type=\"column\">\n\t\t\t<div class=\"elementor-widget-wrap elementor-element-populated\">\n\t\t\t\t\t\t<div class=\"elementor-element elementor-element-49470e4 elementor-widget elementor-widget-creote-description-v1\" data-id=\"49470e4\" data-element_type=\"widget\" data-e-type=\"widget\" data-widget_type=\"creote-description-v1.default\">\n\t\t\t\t<div class=\"elementor-widget-container\">\n\t\t\t\t\t<div class=\"description_box\" >\r\n    <p>\u00c7imento (\u0130talyanca \"cemento\" kelimesinden al\u0131nm\u0131\u015ft\u0131r[1]), esas olarak, do\u011fal kalker ta\u015flar\u0131 ve kil kar\u0131\u015f\u0131m\u0131n\u0131n y\u00fcksek s\u0131cakl\u0131kta \u0131s\u0131t\u0131ld\u0131ktan sonra \u00f6\u011f\u00fct\u00fclmesi ile elde edilen hidrolik bir ba\u011flay\u0131c\u0131 malzeme olarak tan\u0131mlan\u0131r.\n\u00c7imento tanelerinin g\u00f6z a\u00e7\u0131kl\u0131\u011f\u0131 5 ila 90 mikron aras\u0131ndad\u0131r.\n\nTorbalanm\u0131\u015f \u00c7imento\nDi\u011fer ba\u011flay\u0131c\u0131 maddeler gibi \u00e7imentolar da, CaO, MgO gibi alkalin \u00f6\u011feler ve SiO2, Al2O3 ve Fe2O3 gibi hidrolik \u00f6\u011felerden olu\u015fur. \u00c7imento ba\u011flay\u0131c\u0131l\u0131k g\u00f6revini su ile tepkimeye girdikten sonra kazand\u0131\u011f\u0131 i\u00e7in hidrolik ba\u011flay\u0131c\u0131 olarak adland\u0131r\u0131l\u0131r. Alkalin ve hidrolik \u00f6\u011felerin oranlar\u0131 ba\u011flay\u0131c\u0131 maddenin niteli\u011fini belirler.\n\n\u00c7imento, su ile kar\u0131\u015ft\u0131r\u0131l\u0131p plastik hamur durumuna geldikten bir s\u00fcre sonra havada ya da su i\u00e7inde yava\u015f yava\u015f kat\u0131la\u015f\u0131r. Bu kat\u0131la\u015fma olay\u0131na piriz ad\u0131 verilir. Normal \u015fartlar alt\u0131nda ( 28 derece s\u0131cakl\u0131k ve ya\u011fmursuz havada ) bu kat\u0131la\u015fma olay\u0131 ilk on dakikada ba\u015flar ve ad\u0131na Yalanc\u0131 Piriz denir, bir saat civar\u0131nda ise donma ve mukavemet artar. Ancak bu olay i\u00e7inde bulunulan ko\u015fullara ba\u011fl\u0131 olarak de\u011fi\u015fiklik g\u00f6sterebilir, herhangi bir kimyasal priz geciktirici kullan\u0131lmad\u0131ysa ve hava s\u0131cakl\u0131\u011f\u0131 \u00e7ok d\u00fc\u015f\u00fck de\u011filse yakla\u015f\u0131k 10 saat gibi bir s\u00fcre\u00e7te donma ger\u00e7ekle\u015fir.<\/p>\r\n  <\/div>\r\n\t\t\t\t<\/div>\n\t\t\t\t<\/div>\n\t\t\t\t\t<\/div>\n\t\t<\/div>\n\t\t\t\t\t<\/div>\n\t\t<\/section>\n\t\t\t\t<\/div>\n\t\t","protected":false},"excerpt":{"rendered":"<p>\u00dcR\u00dcN \u00c7E\u015e\u0130TLER\u0130 GAZ BETON HAZIR BETON \u00c7\u0130MENTO Gaz beton ince \u00f6\u011f\u00fct\u00fclm\u00fc\u015f silisli bir agrega ve inorganik bir ba\u011flay\u0131c\u0131 madde (kire\u00e7 ve\/veya \u00e7imento) ile haz\u0131rlanan kar\u0131\u015f\u0131m\u0131n, g\u00f6zenek olu\u015fturucu bir madde il\u00e2vesi ile hafifletilmesi ve buhar k\u00fcr\u00fc ile sertle\u015ftirilmesiyle elde edilen g\u00f6zenekli hafif bir beton olarak kar\u015f\u0131m\u0131za \u00e7\u0131kmaktad\u0131r. Piyasada bir markan\u0131n ad\u0131 olmakla birlikte bu malzemeye Ytong [&hellip;]<\/p>\n","protected":false},"author":1,"featured_media":0,"parent":0,"menu_order":0,"comment_status":"closed","ping_status":"closed","template":"template-boxed.php","meta":{"_mi_skip_tracking":false,"footnotes":""},"class_list":["post-6073","page","type-page","status-publish","hentry"],"_links":{"self":[{"href":"http:\/\/turkogluhazirbeton.com.tr\/index.php\/wp-json\/wp\/v2\/pages\/6073","targetHints":{"allow":["GET"]}}],"collection":[{"href":"http:\/\/turkogluhazirbeton.com.tr\/index.php\/wp-json\/wp\/v2\/pages"}],"about":[{"href":"http:\/\/turkogluhazirbeton.com.tr\/index.php\/wp-json\/wp\/v2\/types\/page"}],"author":[{"embeddable":true,"href":"http:\/\/turkogluhazirbeton.com.tr\/index.php\/wp-json\/wp\/v2\/users\/1"}],"replies":[{"embeddable":true,"href":"http:\/\/turkogluhazirbeton.com.tr\/index.php\/wp-json\/wp\/v2\/comments?post=6073"}],"version-history":[{"count":13,"href":"http:\/\/turkogluhazirbeton.com.tr\/index.php\/wp-json\/wp\/v2\/pages\/6073\/revisions"}],"predecessor-version":[{"id":6090,"href":"http:\/\/turkogluhazirbeton.com.tr\/index.php\/wp-json\/wp\/v2\/pages\/6073\/revisions\/6090"}],"wp:attachment":[{"href":"http:\/\/turkogluhazirbeton.com.tr\/index.php\/wp-json\/wp\/v2\/media?parent=6073"}],"curies":[{"name":"wp","href":"https:\/\/api.w.org\/{rel}","templated":true}]}}