{"id":6207,"date":"2022-04-14T06:55:39","date_gmt":"2022-04-14T06:55:39","guid":{"rendered":"http:\/\/turkogluhazirbeton.com.tr\/?page_id=6207"},"modified":"2022-04-14T07:02:23","modified_gmt":"2022-04-14T07:02:23","slug":"eps-kopuk-asmolen","status":"publish","type":"page","link":"http:\/\/turkogluhazirbeton.com.tr\/index.php\/eps-kopuk-asmolen\/","title":{"rendered":"Eps K\u00f6p\u00fck Asmolen"},"content":{"rendered":"\t\t<div data-elementor-type=\"wp-page\" data-elementor-id=\"6207\" class=\"elementor elementor-6207\">\n\t\t\t\t\t\t<section class=\"elementor-section elementor-top-section elementor-element elementor-element-6f98298 elementor-section-boxed elementor-section-height-default elementor-section-height-default\" data-id=\"6f98298\" data-element_type=\"section\" data-e-type=\"section\">\n\t\t\t\t\t\t<div class=\"elementor-container elementor-column-gap-default\">\n\t\t\t\t\t<div class=\"elementor-column elementor-col-100 elementor-top-column elementor-element elementor-element-40564a3\" data-id=\"40564a3\" data-element_type=\"column\" data-e-type=\"column\">\n\t\t\t<div class=\"elementor-widget-wrap elementor-element-populated\">\n\t\t\t\t\t\t<div class=\"elementor-element elementor-element-05fa3fc elementor-widget elementor-widget-creote-logo-v1\" data-id=\"05fa3fc\" data-element_type=\"widget\" data-e-type=\"widget\" data-widget_type=\"creote-logo-v1.default\">\n\t\t\t\t<div class=\"elementor-widget-container\">\n\t\t\t\t\t<div class=\"header_logo_box_solo\">\r\n   <a href=\"http:\/\/turkogluhazirbeton.com.tr\" class=\"logo navbar-brand\">\r\n   <img decoding=\"async\" src=\"http:\/\/turkogluhazirbeton.com.tr\/wp-content\/uploads\/2022\/04\/too.png\" alt=\"T&uuml;rko\u011flu Haz\u0131r Beton\" class=\"logo_default\">\r\n    \r\n   <\/a>\r\n<\/div>\r\n\t\t\t\t<\/div>\n\t\t\t\t<\/div>\n\t\t\t\t\t<\/div>\n\t\t<\/div>\n\t\t\t\t\t<\/div>\n\t\t<\/section>\n\t\t\t\t<section class=\"elementor-section elementor-top-section elementor-element elementor-element-4676ed3 elementor-section-boxed elementor-section-height-default elementor-section-height-default\" data-id=\"4676ed3\" data-element_type=\"section\" data-e-type=\"section\">\n\t\t\t\t\t\t<div class=\"elementor-container elementor-column-gap-default\">\n\t\t\t\t\t<div class=\"elementor-column elementor-col-100 elementor-top-column elementor-element elementor-element-4912c13\" data-id=\"4912c13\" data-element_type=\"column\" data-e-type=\"column\">\n\t\t\t<div class=\"elementor-widget-wrap\">\n\t\t\t\t\t\t\t<\/div>\n\t\t<\/div>\n\t\t\t\t\t<\/div>\n\t\t<\/section>\n\t\t\t\t<section class=\"elementor-section elementor-top-section elementor-element elementor-element-d8052c4 elementor-section-boxed elementor-section-height-default elementor-section-height-default\" data-id=\"d8052c4\" data-element_type=\"section\" data-e-type=\"section\">\n\t\t\t\t\t\t<div class=\"elementor-container elementor-column-gap-default\">\n\t\t\t\t\t<div class=\"elementor-column elementor-col-100 elementor-top-column elementor-element elementor-element-365460d\" data-id=\"365460d\" data-element_type=\"column\" data-e-type=\"column\">\n\t\t\t<div class=\"elementor-widget-wrap elementor-element-populated\">\n\t\t\t\t\t\t<div class=\"elementor-element elementor-element-be2f317 elementor-widget elementor-widget-creote-title-v1\" data-id=\"be2f317\" data-element_type=\"widget\" data-e-type=\"widget\" data-widget_type=\"creote-title-v1.default\">\n\t\t\t\t<div class=\"elementor-widget-container\">\n\t\t\t\t\t<div class=\"title_all_box style_one  dark_color\" >\r\n         <div class=\"title_sections center\">\r\n            <div class=\"before_title\">\r\n         Eps K\u00f6p\u00fck Asmolen      <\/div>\r\n                     <\/div>\r\n               \r\n<\/div>\r\n\t\t\t\t<\/div>\n\t\t\t\t<\/div>\n\t\t\t\t\t<\/div>\n\t\t<\/div>\n\t\t\t\t\t<\/div>\n\t\t<\/section>\n\t\t\t\t<section class=\"elementor-section elementor-top-section elementor-element elementor-element-c6a9e52 elementor-section-boxed elementor-section-height-default elementor-section-height-default\" data-id=\"c6a9e52\" data-element_type=\"section\" data-e-type=\"section\">\n\t\t\t\t\t\t<div class=\"elementor-container elementor-column-gap-default\">\n\t\t\t\t\t<div class=\"elementor-column elementor-col-33 elementor-top-column elementor-element elementor-element-56567fd\" data-id=\"56567fd\" data-element_type=\"column\" data-e-type=\"column\">\n\t\t\t<div class=\"elementor-widget-wrap elementor-element-populated\">\n\t\t\t\t\t\t<div class=\"elementor-element elementor-element-c1a809b elementor-widget elementor-widget-creote-themebtns-v1\" data-id=\"c1a809b\" data-element_type=\"widget\" data-e-type=\"widget\" data-widget_type=\"creote-themebtns-v1.default\">\n\t\t\t\t<div class=\"elementor-widget-container\">\n\t\t\t\t\t<div class=\"theme_btn_all color_one\"   data-aos=\"fade-up\" data-aos-delay=\"0\" >\r\n      <a href=\"http:\/\/turkogluhazirbeton.com.tr\/index.php\/asmolen4\/\"    rel=&quot;nofollow&quot; class=\"theme-btn four\">\r\n   Asmolen <i class=\"icon-right-arrow\"><\/i>\r\n   <\/a>\r\n   <\/div>\r\n\t\t\t\t<\/div>\n\t\t\t\t<\/div>\n\t\t\t\t\t<\/div>\n\t\t<\/div>\n\t\t\t\t<div class=\"elementor-column elementor-col-33 elementor-top-column elementor-element elementor-element-376c714\" data-id=\"376c714\" data-element_type=\"column\" data-e-type=\"column\">\n\t\t\t<div class=\"elementor-widget-wrap\">\n\t\t\t\t\t\t\t<\/div>\n\t\t<\/div>\n\t\t\t\t<div class=\"elementor-column elementor-col-33 elementor-top-column elementor-element elementor-element-81012dc\" data-id=\"81012dc\" data-element_type=\"column\" data-e-type=\"column\">\n\t\t\t<div class=\"elementor-widget-wrap\">\n\t\t\t\t\t\t\t<\/div>\n\t\t<\/div>\n\t\t\t\t\t<\/div>\n\t\t<\/section>\n\t\t\t\t<section class=\"elementor-section elementor-top-section elementor-element elementor-element-930b870 elementor-section-boxed elementor-section-height-default elementor-section-height-default\" data-id=\"930b870\" data-element_type=\"section\" data-e-type=\"section\">\n\t\t\t\t\t\t<div class=\"elementor-container elementor-column-gap-default\">\n\t\t\t\t\t<div class=\"elementor-column elementor-col-50 elementor-top-column elementor-element elementor-element-ab2970a\" data-id=\"ab2970a\" data-element_type=\"column\" data-e-type=\"column\">\n\t\t\t<div class=\"elementor-widget-wrap elementor-element-populated\">\n\t\t\t\t\t\t<div class=\"elementor-element elementor-element-ee93fbc elementor-widget elementor-widget-creote-simple-image-box-v1\" data-id=\"ee93fbc\" data-element_type=\"widget\" data-e-type=\"widget\" data-widget_type=\"creote-simple-image-box-v1.default\">\n\t\t\t\t<div class=\"elementor-widget-container\">\n\t\t\t\t\t<div class=\"simple_image_boxes  parallax_cover\"   data-aos=\"fade-up\" data-aos-delay=\"0\" >\r\n   <img decoding=\"async\" src=\"http:\/\/turkogluhazirbeton.com.tr\/wp-content\/uploads\/2022\/04\/epskopuk.jpg\" class=\"simp_img cover-parallax\" alt=\"image\" \/>\r\n<\/div>\r\n\t\t\t\t<\/div>\n\t\t\t\t<\/div>\n\t\t\t\t\t<\/div>\n\t\t<\/div>\n\t\t\t\t<div class=\"elementor-column elementor-col-50 elementor-top-column elementor-element elementor-element-171e2e5\" data-id=\"171e2e5\" data-element_type=\"column\" data-e-type=\"column\">\n\t\t\t<div class=\"elementor-widget-wrap elementor-element-populated\">\n\t\t\t\t\t\t<div class=\"elementor-element elementor-element-9694271 elementor-widget elementor-widget-creote-title-v1\" data-id=\"9694271\" data-element_type=\"widget\" data-e-type=\"widget\" data-widget_type=\"creote-title-v1.default\">\n\t\t\t\t<div class=\"elementor-widget-container\">\n\t\t\t\t\t<div class=\"title_all_box style_one  dark_color\" >\r\n         <div class=\"title_sections left\">\r\n                  <h2>  Eps K\u00f6p\u00fck Asmolen<\/h2>\r\n                  <p>  <strong>U\u0308ru\u0308n O\u0308zellikleri<\/strong><\/br>\nAsmolen EPS hafif dolgu malzemesidir.\nBina beton do\u0308s\u0327emelerinde dolgu malzemesi olarak do\u0308s\u0327eme ag\u0306\u0131rl\u0131g\u0306\u0131n\u0131 du\u0308s\u0327u\u0308rme amac\u0327l\u0131 kullan\u0131m<\/br>\nI\u0307ns\u0327aatta kullan\u0131lan demir, beton ve kal\u0131ptan tasarruf<\/br>Binaya ek yu\u0308k getirmeyerek deprem gu\u0308venlig\u0306ine katk\u0131<\/br>\nKat aras\u0131 uygulamalarda \u0131s\u0131 ve ses yal\u0131t\u0131m\u0131na katk\u0131<\/br>\nBeyaz renkli\n%98 hava, %2 polistiren kapal\u0131 hu\u0308cre yap\u0131s\u0131 ile betonun suyunu c\u0327ekmeyip c\u0327atlag\u0306a yol ac\u0327mama<\/br>\nYu\u0308ksek esneme kabiliyeti ve boyutsal kararl\u0131l\u0131k\nHafif, kolay tas\u0327\u0131ma ve uygulama<\/br>\nMinimum nakliye maliyeti<\/br>\n10 kg\/m3-30 kg\/m3 aras\u0131ndaki yog\u0306unluklarda u\u0308retim<\/br>\n55x102x404 cm ebad\u0131nda bloktan kesilerek u\u0308retim<\/br>\nMinimum 20 cm kal\u0131nl\u0131kta kullan\u0131m<\/br>\nTS ISO 8302\u2019ye go\u0308re \u0131s\u0131l iletkenlik katsay\u0131s\u0131 (\u03bb), yog\u0306unlug\u0306a go\u0308re 0,045-0,034 W\/mK aras\u0131\nTS EN 13501-1\u2019e go\u0308re yanmazl\u0131k s\u0131n\u0131f\u0131 E, EPS hammaddesinde B1\nISO, G, UTO kalite belgeleri\nBu\u0308nyesinde insana ve c\u0327evreye zararl\u0131 gazlar ic\u0327ermeyen c\u0327evre dostu malzeme<\/br>\n<\/p>\r\n         <\/div>\r\n               \r\n<\/div>\r\n\t\t\t\t<\/div>\n\t\t\t\t<\/div>\n\t\t\t\t\t<\/div>\n\t\t<\/div>\n\t\t\t\t\t<\/div>\n\t\t<\/section>\n\t\t\t\t<\/div>\n\t\t","protected":false},"excerpt":{"rendered":"<p>Eps K\u00f6p\u00fck Asmolen Asmolen Eps K\u00f6p\u00fck Asmolen U\u0308ru\u0308n O\u0308zellikleri Asmolen EPS hafif dolgu malzemesidir. Bina beton do\u0308s\u0327emelerinde dolgu malzemesi olarak do\u0308s\u0327eme ag\u0306\u0131rl\u0131g\u0306\u0131n\u0131 du\u0308s\u0327u\u0308rme amac\u0327l\u0131 kullan\u0131m I\u0307ns\u0327aatta kullan\u0131lan demir, beton ve kal\u0131ptan tasarrufBinaya ek yu\u0308k getirmeyerek deprem gu\u0308venlig\u0306ine katk\u0131 Kat aras\u0131 uygulamalarda \u0131s\u0131 ve ses yal\u0131t\u0131m\u0131na katk\u0131 Beyaz renkli %98 hava, %2 polistiren kapal\u0131 hu\u0308cre yap\u0131s\u0131 [&hellip;]<\/p>\n","protected":false},"author":1,"featured_media":0,"parent":0,"menu_order":0,"comment_status":"closed","ping_status":"closed","template":"template-boxed.php","meta":{"_mi_skip_tracking":false,"footnotes":""},"class_list":["post-6207","page","type-page","status-publish","hentry"],"_links":{"self":[{"href":"http:\/\/turkogluhazirbeton.com.tr\/index.php\/wp-json\/wp\/v2\/pages\/6207","targetHints":{"allow":["GET"]}}],"collection":[{"href":"http:\/\/turkogluhazirbeton.com.tr\/index.php\/wp-json\/wp\/v2\/pages"}],"about":[{"href":"http:\/\/turkogluhazirbeton.com.tr\/index.php\/wp-json\/wp\/v2\/types\/page"}],"author":[{"embeddable":true,"href":"http:\/\/turkogluhazirbeton.com.tr\/index.php\/wp-json\/wp\/v2\/users\/1"}],"replies":[{"embeddable":true,"href":"http:\/\/turkogluhazirbeton.com.tr\/index.php\/wp-json\/wp\/v2\/comments?post=6207"}],"version-history":[{"count":4,"href":"http:\/\/turkogluhazirbeton.com.tr\/index.php\/wp-json\/wp\/v2\/pages\/6207\/revisions"}],"predecessor-version":[{"id":6212,"href":"http:\/\/turkogluhazirbeton.com.tr\/index.php\/wp-json\/wp\/v2\/pages\/6207\/revisions\/6212"}],"wp:attachment":[{"href":"http:\/\/turkogluhazirbeton.com.tr\/index.php\/wp-json\/wp\/v2\/media?parent=6207"}],"curies":[{"name":"wp","href":"https:\/\/api.w.org\/{rel}","templated":true}]}}